of 134900610?
0
What is the ten millions digit of 506883428?
0
What is the units digit of 269948302?
2
What is the hundred thousands digit of 16069472?
0
What is the hundred millions digit of 939791699?
9
What is the millions digit of 631308424?
1
What is the ten millions digit of 109209279?
0
What is the thousands digit of 335040000?
0
What is the thousands digit of 419844239?
4
What is the thousands digit of 81347016?
7
What is the tens digit of 2970685020?
2
What is the units digit of 57113192?
2
What is the thousands digit of 1226288977?
8
What is the ten millions digit of 268965830?
6
What is the millions digit of 26212716?
6
What is the hundred thousands digit of 207228365?
2
What is the ten thousands digit of 36284273?
8
What is the units digit of 863557617?
7
What is the thousands digit of 2303748474?
8
What is the millions digit of 47984310?
7
What is the millions digit of 114227087?
4
What is the thousands digit of 244453818?
3
What is the thousands digit of 194805439?
5
What is the ten thousands digit of 61083998?
8
What is the thousands digit of 74054896?
4
What is the hundred millions digit of 2226917987?
2
What is the hundred thousands digit of 9705302?
7
What is the hundreds digit of 174805333?
3
What is the ten thousands digit of 345795024?
9
What is the ten millions digit of 157729681?
5
What is the units digit of 153943506?
6
What is the millions digit of 956083918?
6
What is the millions digit of 78810351?
8
What is the hundred thousands digit of 175416925?
4
What is the tens digit of 1329795906?
0
What is the units digit of 244209834?
4
What is the hundred thousands digit of 86984690?
9
What is the ten millions digit of 2331777597?
3
What is the millions digit of 2404509?
2
What is the hundreds digit of 24005432?
4
What is the units digit of 138428329?
9
What is the tens digit of 1765557045?
4
What is the ten thousands digit of 520208067?
0
What is the ten millions digit of 611824498?
1
What is the hundred thousands digit of 117976340?
9
What is the ten thousands digit of 2095022088?
2
What is the hundreds digit of 16011475?
4
What is the millions digit of 1155742991?
5
What is the tens digit of 897487322?
2
What is the hundreds digit of 29533192?
1
What is the hundred millions digit of 124769470?
1
What is the thousands digit of 1121018117?
8
What is the ten thousands digit of 14082110?
8
What is the ten millions digit of 44042826?
4
What is the billions digit of 1660080364?
1
What is the hundred millions digit of 1744629565?
7
What is the hundreds digit of 158754905?
9
What is the units digit of 70785197?
7
What is the hundreds digit of 448744781?
7
What is the units digit of 74835840?
0
What is the ten thousands digit of 70284815?
8
What is the billions digit of 2222442067?
2
What is the ten millions digit of 36961662?
3
What is the units digit of 72143828?
8
What is the units digit of 38414646?
6
What is the units digit of 59751096?
6
What is the tens digit of 3522042375?
7
What is the tens digit of 414964420?
2
What is the hundreds digit of 5252720913?
9
What is the millions digit of 361800922?
1
What is the hundred thousands digit of 1087179458?
1
What is the tens digit of 1373924435?
3
What is the units digit of 824693560?
0
What is the ten millions digit of 273067250?
7
What is the ten millions digit of 861531073?
6
What is the millions digit of 120767231?
0
What is the tens digit of 223915676?
7
What is the hundreds digit of 23668331?
3
What is the millions digit of 95634951?
5
What is the ten millions digit of 1822644777?
2
What is the hundred thousands digit of 946834298?
8
What is the ten millions digit of 691305754?
9
What is the millions digit of 4189921683?
9
What is the hundreds digit of 7745114770?
7
What is the ten thousands digit of 347893787?
9
What is the hundred millions digit of 3518591750?
5
What is the hundred thousands digit of 134503828?
5
What is the hundred thousands digit of 423935206?
9
What is the hundred millions digit of 689784729?
6
What is the hundreds digit of 991937861?
8
What is the hundreds digit of 667331220?
2
What is the hundred thousands digit of 80402146?
4
What is the units digit of 10658117?
7
What is the billions digit of 1768544901?
1
What is the hundreds digit of 151718331?
3
What is the hundred thousands digit of 9045276?
0
What is the ten millions digit of 893087815?
9
What is the units digit of 217398973?
3
What is the tens digit of 29303247?
4
What is the millions digit of 98942764?
8
What is the billions digit of 3070577475?
3
What is the ten millions digit of 787893744?
8
What is the millions digit of 7075397?
7
What is the ten thousands digit of 56086521?
8
What is the billions digit of 5397461990?
5
What is the tens digit of 290707447?
4
What is the billions digit of 5749629260?
5
What is the units digit of 367294041?
1
What is the units digit of 321021622?
2
What is the ten thousands digit of 1037017356?
1
What is the hundreds digit of 229567?
5
What is the tens digit of 332545018?
1
What is the thousands digit of 461138956?
8
What is the units digit of 55253828?
8
What is the ten thousands digit of 3974912472?
1
What is the ten millions digit of 382358060?
8
What is the units digit of 1470161308?
8
What is the millions digit of 2820670980?
0
What is the millions digit of 6695311367?
5
What is the tens digit of 33011667?
6
What is the ten millions digit of 417221452?
1
What is the thousands digit of 30704406?
4
What is the ten thousands digit of 111144156?
4
What is the millions digit of 10810848?
0
What is the hundred thousands digit of 373336143?
3
What is the millions digit of 259706557?
9
What is the ten millions digit of 36762203?
3
What is the hundred thousands digit of 36420487?
4
What is the thousands digit of 22799621?
9
What is the thousands digit of 226998285?
8
What is the tens digit of 166313741?
4
What is the tens digit of 435472962?
6
What is the hundred thousands digit of 1305009469?
0
What is the thousands digit of 128484864?
4
What is the units digit of 18944960?
0
What is the hundred thousands digit of 561721377?
7
What is the ten thousands digit of 115041076?
4
What is the millions digit of 305663869?
5
What is the ten thousands digit of 724854230?
5
What is the tens digit of 4158875783?
8
What is the units digit of 356599045?
5
What is the hundreds digit of 1164994223?
2
What is the millions digit of 43249947?
3
What is the ten thousands digit of 3342563316?
6
What is the hundred thousands digit of 397717071?
7
What is the hundreds digit of 9062976897?
8
What is the hundred thousands digit of 143929191?
9
What is the hundreds digit of 174211997?
9
What is the millions digit of 132935318?
2
What is the thousands digit of 18283363?
3
What is the millions digit of 937061424?
7
What is the hundred millions digit of 240196789?
2
What is the ten thousands digit of 91785512?
8
What is the ten millions digit of 47616422?
4
What is the tens digit of 253888023?
2
What is the hundred thousands digit of 369054131?
0
What is the ten thousands digit of 40490245?
9
What is the units digit of 485918680?
0
What is the tens digit of 257592597?
9
What is the hundred thousands digit of 615386218?
3
What is the ten thousands digit of 86244899?
4
What is the ten thousands digit of 9406828?
0
What is the hundreds digit of 96553935?
9
What is the millions digit of 30296912?
0
What is the tens digit of 93768368?
6
What is the thousands digit of 4425350665?
0
What is the hundreds digit of 4371673755?
7
What is the millions digit of 49317910?
9
What is the ten millions digit of 47981993?
4
What is the hundred thousands digit of 46502615?
5
What is the ten thousands digit of 188684565?
8
What is the billions digit of 2141567769?
2
What is the millions digit of 61325596?
1
What is the hundred thousands digit of 186690552?
6
What is the hundred thousands digit of 21712576?
7
What is the millions digit of 26290620?
6
What is the hundreds digit of 23589171?
1
What is the hundreds digit of 1039514876?
8
What is the hundreds digit of 1788423078?
0
What is the hundreds digit of 28834514?
5
What is the units digit of 5676491620?
0
What is the thousands digit of 93789469?
9
What is the thousands digit of 39540843?
0
What is the ten millions digit of 64934687?
6
What is the hun